k**3 - 3*k**2 + 4*k - 3. Determine i(-4).
-3
Let g(i) = -24*i + 119. Determine g(5).
-1
Let g(x) = 3*x**3 - x**2 - x + 2. What is g(2)?
20
Let j(a) = -6*a + 2. What is j(-9)?
56
Let n(z) = 7*z**3 + z**2 - 2*z + 2. What is n(1)?
8
Let m(g) = 215*g**2 - 3*g + 2. Determine m(1).
214
Let p(v) = v**3 - 5*v**2 - 6*v - 8. Determine p(7).
48
Let k(q) = -q**3 + 14*q**2 - 13. Give k(14).
-13
Let i(f) = f**2 + 7*f - 6. What is i(-7)?
-6
Let p(h) = 6*h**2 + 13*h + 12. Calculate p(-2).
10
Let j(m) = m**3 - 8*m**2 + 3*m - 2. Determine j(4).
-54
Let l(g) = -g**3 - 7*g**2 + 7*g + 4. What is l(3)?
-65
Let w(f) = f**2 + 4*f + 5. What is w(-4)?
5
Let g(m) = 3*m**2 - 9*m + 6. What is g(1)?
0
Let p(a) = a**2 - 7*a - 1. Calculate p(7).
-1
Let q(w) = 59*w + 2. What is q(1)?
61
Let q(x) = 2*x**3 + 3*x**2 + 2*x. Determine q(-2).
-8
Let b(o) = -5*o**2 - 4*o + 34. Determine b(4).
-62
Let b(j) = 5*j**3 - 62*j**2 + 23*j - 2. Give b(12).
-14
Let c(t) = 2*t + 9. Give c(4).
17
Let m(u) = 9*u - 88. Give m(10).
2
Let q(v) = -v**3 + 8*v**2 + 11*v - 3. Give q(9).
15
Let r(d) = -d - 19. Determine r(5).
-24
Let l(d) = -d**3 - 7*d**2 + 7*d - 1. Give l(-8).
7
Let i(p) = -p**3 + 21*p**2 + 3*p + 10. Give i(21).
73
Let c(o) = o**2 - 5*o - 26. Give c(8).
-2
Let c(s) = -10*s**3 - s**2. Give c(1).
-11
Let m(v) = -v**3 - 8*v**2 - 7*v - 4. Give m(-8).
52
Let r(i) = -18*i - 630. Determine r(-35).
0
Let i(n) = -18*n + 195. Calculate i(11).
-3
Let q(b) = b**2 + 6*b - 2. Calculate q(-8).
14
Let x(z) = 140*z - 3. Give x(1).
137
Let j(f) = -3*f**3 - 5*f**2 - 5*f - 5. What is j(-2)?
9
Let q(n) = n**2 + 6*n - 6. Give q(4).
34
Let f(o) = 6*o**2 - 2*o - 2. Give f(3).
46
Let h(g) = 2*g**3 - 19*g**2 - 29*g + 185. Give h(10).
-5
Let w(h) = -29*h + 176. Determine w(6).
2
Let b(l) = l**3 + 12*l**2 - 4*l - 167. Determine b(-11).
-2
Let v(g) = g**3 + 7*g**2 + 10*g + 7. What is v(-6)?
-17
Let c(l) = l**2 + 6*l + 8. Determine c(-7).
15
Let n(c) = -c**3 - 5*c**2 - c + 5. Calculate n(-5).
10
Let g(m) = 5*m**3 - 44*m**2 - 10*m + 10. Determine g(9).
1
Let w(u) = 5*u + 66. Determine w(-12).
6
Let n(m) = -2*m**2 + 5*m - 5. Calculate n(5).
-30
Let z(s) = 16*s - 3. What is z(-3)?
-51
Let n(r) = 17*r - 2. Give n(3).
49
Let u(z) = z**3 - 5*z**2 - 2*z + 18. Give u(5).
8
Let h(x) = -x**2 + 7*x - 10. Give h(6).
-4
Let l(m) = -29*m - 936. What is l(-32)?
-8
Let n(k) = 12*k**3 + 2*k**2 + k. What is n(-1)?
-11
Let z(t) = -8*t + 21. What is z(2)?
5
Let m(i) = -i**2 + 2*i + 4. What is m(-2)?
-4
Let n(b) = 2*b**3 + 13*b**2 + 15*b + 61. Give n(-6).
7
Let y(w) = -2*w**2 - 9*w - 10. What is y(-3)?
-1
Let h(f) = f**2 - 9*f - 4. Give h(9).
-4
Let y(q) = q**2 - 2. Calculate y(-1).
-1
Let y(k) = k**2 - 15*k - 8. What is y(11)?
-52
Let w(z) = z + 10. Calculate w(-1).
9
Let s(b) = b**2 + 12*b - 2. What is s(-5)?
-37
Let z(x) = -x**2 - 3*x + 12. What is z(-9)?
-42
Let a(s) = 10*s + 23. Give a(-1).
13
Let g(t) = t**3 + 2*t**2 + t - 2. What is g(-3)?
-14
Let s(g) = g - 5. What is s(1)?
-4
Let q(s) = 9*s**2 + 102*s + 39. What is q(-11)?
6
Let p(b) = b**2 - 11*b - 11. Give p(13).
15
Let u(t) = -2*t**3 + 2*t**2 + 3*t - 3. Give u(2).
-5
Let c(g) = 5*g + 31. Determine c(-5).
6
Let k(l) = 7*l - 41. Calculate k(6).
1
Let d(i) = -3*i + 7. Calculate d(-3).
16
Let o(u) = -u**2 + 21*u + 7. What is o(21)?
7
Let w(i) = -i**3 - 11*i**2 - 16*i - 8. Determine w(-6).
-92
Let q(x) = -x**2 - 56*x - 163. Determine q(-3).
-4
Let n(j) = -6*j + 18. Give n(5).
-12
Let d(y) = -12*y - 3. Calculate d(1).
-15
Let o(h) = -54*h**3 - 3*h**2 - h + 1. What is o(-1)?
53
Let v(j) = -j**2 + 18*j - 12. Calculate v(17).
5
Let b(q) = 17*q**3 - q**2 - 2*q. Calculate b(-2).
-136
Let d(w) = w + 4. Give d(-8).
-4
Let p(b) = b**2 + 7*b + 11. Give p(-8).
19
Let v(u) = -11*u + 159. What is v(14)?
5
Let u(r) = r**2 + 5. What is u(3)?
14
Let j(z) = z**2 - 19*z - 37. What is j(21)?
5
Let u(w) = -18*w + 52. What is u(16)?
-236
Let x(c) = -2*c**2 + 6*c + 2. Determine x(3).
2
Let d(o) = -o**3 - 7*o**2 + 2*o - 3. Give d(-7).
-17
Let a(u) = 96*u + 1256. Calculate a(-13).
8
Let a(u) = u**3 + 62*u**2 - 10*u - 622. What is a(-62)?
-2
Let n(h) = 3*h**2 - 4*h - 11. What is n(-2)?
9
Let i(x) = x**2 + 2*x - 2. What is i(-9)?
61
Let f(c) = 4*c**2 - 5*c - 2. Calculate f(5).
73
Let p(q) = 4*q - 26. What is p(7)?
2
Let t(h) = 7*h**2. Give t(2).
28
Let y(k) = -k**3 - 5*k**2 + 9*k + 1. Give y(-7).
36
Let g(y) = 2*y**2 + 102*y - 1. Determine g(-51).
-1
Let c(f) = -f**3 - 10*f**2 - 11*f - 2. Give c(-8).
-42
Let n(d) = d - 11. Give n(-7).
-18
Let i(x) = x**2 + 37*x + 139. Determine i(-31).
-47
Let m(v) = -v**2 + 9*v - 5. What is m(8)?
3
Let v(d) = -2*d**3 + d**2 + d + 2. Determine v(2).
-8
Let v(r) = 7*r**2 + r - 1. Determine v(-2).
25
Let p(l) = -14*l + 21. Determine p(11).
-133
Let g(o) = -o**2 - 3*o - 14. What is g(-12)?
-122
Let o(w) = -w**3 + w**2 + 4*w + 6. What is o(-2)?
10
Let c(h) = h**2 - 9*h + 15. Calculate c(10).
25
Let j(o) = 2*o - 20. Calculate j(11).
2
Let f(p) = -p**2 + 3*p + 4. What is f(5)?
-6
Let m(i) = i**3 + 24*i**2 - 27*i - 32. Calculate m(-25).
18
Let t(c) = 11*c**3 + c**2 - c. Calculate t(1).
11
Let a(m) = -4*m**3 - m**2 - m - 4. What is a(-2)?
26
Let o(q) = -q**2 + 3*q + 7. Give o(4).
3
Let s(z) = z**2 - 20*z + 23. Give s(22).
67
Let c(p) = 2*p**3 + 33*p**2 + 17*p + 21. Calculate c(-16).
5
Let o(a) = -a**2 - 9*a - 3. What is o(-10)?
-13
Let j(i) = -10*i - 92. Determine j(-9).
-2
Let i(n) = -n**2 + 7*n + 1. What is i(5)?
11
Let n(u) = 18*u - 1. Give n(-2).
-37
Let z(o) = -2*o**2 - 17*o - 10. What is z(-8)?
-2
Let l(u) = u**3 + 4*u**2 + 4*u + 6. Determine l(-2).
6
Let k(i) = i + 36. What is k(-30)?
6
Let u(o) = o**3 - 5*o**2 - 10*o - 9. Give u(-4).
-113
Let w(z) = 7*z - 2. Calculate w(5).
33
Let s(z) = -z**3 + 4*z**2 + 2*z + 12. What is s(5)?
-3
Let v(w) = 3*w - 7. Give v(6).
11
Let f(m) = 2*m**2 + 15*m + 5. What is f(-5)?
-20
Let q(m) = -m**2 - 3*m - 2. What is q(-3)?
-2
Let v(j) = j - 4. What is v(-6)?
-10
Let a(t) = -t**3 - 15*t**2 - 16*t - 28. Give a(-14).
0
Let i(p) = -2*p**3 + 15*p**2 + 7*p - 9. Give i(8).
-17
Let l(b) = b**3 + b**2 - 4*b - 1. What is l(-4)?
-33
Let r(u) = -u**3 - 13*u**2 - 4*u + 4. Give r(-13).
56
Let t(j) = 5*j + 30. What is t(-6)?
0
Let v(w) = -w**3 + 16*w**2 - 63*w - 15. What is v(8)?
-7
Let j(p) = -5*p + 36. What is j(7)?
1
Let d(r) = -r + 7. Determine d(6).
1
Let o(j) = 2*j + 37. Give o(-17).
3
Let k(d) = -d**3 - 5*d**2 + 2*d + 12. Determine k(-5).
2
Let j(l) = l**3 + 17*l**2 - 19*l - 14. Determine j(-18).
4
Let c(n) = -n**3 - 9*n**2 - 4*n + 2. Calculate c(-3).
-40
Let f(u) = 12*u + 69. Calculate f(-5).
9
Let l(j) = -2*j**3 - 7*j**2 - 2*j - 1. Determine l(-3).
-4
Let y(j) = -j**2 + 24*j + 36. Determine y(23).
59
Let s(y) = -9*y**2 + 1. What is s(1)?
-8
Let q(t) = t**3 - 5*t**2 - 8*t + 2. Give q(6).
-10
Let o(j) = j**2 - 9*j + 6. What is o(11)?
28
Let s(d) = -2*d - 23. Give s(-12).
1
Let t(p) = -49*p**3 + p**2 - 2*p + 1. Give t(1).
-49
Let a(j) = -j**3 + 9*j**2 - 21*j + 14. Determine a(6).
-4
Let u(o) = -9*o - 28. Give u(-5).
17
Let q(i) = -i**3 - 30*i**2 + 29*i - 62. Determine q(-31).
0
Let q(z) = 2*z**2 + 11*z + 9. What is q(-1)?
0
Let u(f) = -4*f**2 - f + 2. Give u(-3).
-31
Let v(s) = s - 6. Give v(-2).
-8
Let m(r) = r**3 + 10*r**2 + 17*r + 15. Determine m(-8).
7
Let a(f) = -6*f - 61. Calculate a(11).
-127
Let z(a) = a**3 + 12*a**2 + 21*a + 14. What is z(-10)?
4
Let b(c) = -c**2 - 19*c + 12. Calculate b(-10).
102
Let h(i) = i**3 - 7*i**2 + 10*i - 15. Calculate h(6).
9
Let k(w) = w**3 + 16*w**2 + 3*w + 44. Determine k(-16).
-4
Let k(w) = -2*w**3 - 109*w**2 - 63*w - 481. Give k(-54).
5
Let d(u) = -u**3 + 18*u**2 - 17*u + 19. What is d(17)?
19
Let q(z) = z**3 + 12*z**2 + 12*z + 20. Give q(-11).
9
Let m(n) = 9*n - 208. What is m(22)?
-10
Let c(h) = -3*h**2 + 15*h - 6. Calculate c(7).
-48
Let i(n) = -2*n + 5. What is i(5)?
-5
Let u(q) = -4*q - 7. Calculate u(-9).
29
Let z(o) = o**2 + 21*o + 35. Determine z(-20).
15
Let q(b) = b**3 + 8*b**2 + 5*b - 16. Give q(-7).
-2
Let h(p) = p**2 - 14*p - 90. Give h(-4).
-18
Let c(k) = -48*k - 718. Give c(-15).
2
Let c(x) = 58*x + 1. Give c(1).
59
Let l(d) = -27*d**3 + 5*d**2 + 3*d + 1. Give l(-1).
30
Let q(k) = -k**2 - 6*k + 3. What is q(-10)?
-37
Let r(o) = -o**3 - 10*o**2 - 17*o - 81. Determine r(-9).
-9
Let q(i) = i